he remainder when s is divided by 22?
20
Let q(p) = 2*p**3 - 18*p + 3. Let f be q(5). Suppose 5*g - f = -73. Calculate the remainder when 50 is divided by g.
14
Suppose -4*g - 2*n - 34 = -7*g, 3*g + 3*n = 9. What is the remainder when 86 is divided by (-18)/g - -2 - (-447)/12?
12
Let p = 195 - 270. Let n = -36 - p. Calculate the remainder when n is divided by 7.
4
Suppose 0 = 3*w - 7*w + 136. Suppose 0 = 69*k - 146 - 229 + 30. What is the remainder when w is divided by k?
4
Suppose 4*g = 3*v + 300, -2*g + 136 = 567*v - 572*v. Let c = 100 - 60. Calculate the remainder when g is divided by c.
38
Let p = 17726 + -17660. Calculate the remainder when 1458 is divided by p.
6
Let v(q) = 34 + 0*q**3 - q**3 - 27*q**2 + 9*q**2 - 30. Let t(k) = -k**2 - 15*k + 308. Calculate the remainder when t(11) is divided by v(-18).
2
Suppose 5*a + 1153 = -507. Let r = a - -362. Suppose 4*j = 8*j - 44. What is the remainder when r is divided by j?
8
Suppose 12*d - 462 = 6*d. Let l(k) = -3*k**2 - 44*k - 112. What is the remainder when d is divided by l(-10)?
21
Suppose 54 = 2*m + 5*v, 4*m - 22*v = -17*v + 108. Suppose 14*d - m*d + 130 = 0. Calculate the remainder when 57 is divided by d.
7
Let b = 102 + 96. Suppose -8*o - b + 1094 = 0. Suppose -15*d + 7*d + o = 0. What is the remainder when 69 is divided by d?
13
Let t = 450 + -364. Calculate the remainder when t is divided by (5 + 25/(-15))*(-6)/(-5).
2
Calculate the remainder when 181 is divided by (25/15)/5*(-273)/(3/(-3)).
90
Let w(t) = 4*t + 34. Let k = -28 - -21. What is the remainder when 51 is divided by w(k)?
3
Let p = 592 + -592. Suppose -4*h - 5*s + 80 + 656 = p, 2*h - 362 = -4*s. Calculate the remainder when h is divided by 39.
33
Let w = 99 + -77. Calculate the remainder when 76 is divided by w.
10
Suppose 24*n - 19*n = -2*d + 5216, -4*n = -4*d - 4184. Calculate the remainder when 78 is divided by (-7)/2*n/(-203).
6
Suppose 4*w + 4*f - 2*f = 1148, -3*w + 861 = 3*f. Suppose 0 = 220*t - 214*t - 108. Calculate the remainder when w is divided by t.
17
Let a = 6178 - 5720. Calculate the remainder when a is divided by 13.
3
Let y(p) = -p**3 - 17*p**2 + 12*p + 2. Let v(x) = x**3 + 7*x**2 - 5. Let l be v(-5). Let k = -63 + l. What is the remainder when y(k) is divided by 14?
12
Let x = -389 - -410. What is the remainder when 59 is divided by x?
17
Let r(a) = a**3 - 64*a**2 - 185*a - 987. Calculate the remainder when r(67) is divided by 17 - (12/3 + -2).
10
Let t be (7 + (-11)/2)*(-16)/(-6). Suppose t*p + 12 + 113 = -n, -5*n - 160 = 5*p. Let m = -20 - p. What is the remainder when m is divided by 4?
3
Let u be -3*(-16)/6 - 6. Suppose -7*r - 2*h + 127 = -u*r, -5*r = -2*h - 123. Calculate the remainder when 46 is divided by r.
21
Let j = -229 + 233. Suppose -5*n = -9*n + 4*s + 156, j*s = -n + 54. What is the remainder when n is divided by 8?
2
Let k be 5/((-20)/(-56)) - 2. Suppose -3*h + 3*w = -2*h + 60, k = -3*w. Let a = -46 - h. Calculate the remainder when 72 is divided by a.
20
Suppose -80*g + 2964 + 316 = 0. Calculate the remainder when 41 is divided by g.
0
Suppose -4 - 296 = -6*t. Calculate the remainder when 47 is divided by ((-4)/(-8))/(4 - 199/t).
22
Let b(o) = -13*o**2 - 105*o + 16. Calculate the remainder when 1100 is divided by b(-8).
20
Let f = 0 + 11. Suppose q + 222 = a, 0 = 234*a - 231*a - 2*q - 662. What is the remainder when a is divided by f?
9
Let k be ((-352)/(-16))/(-1*2/(-8)). Suppose 22 - k = -2*q. What is the remainder when 121 is divided by q?
22
Let h be 0 - 2*(17 + -2). Let d = h + 71. What is the remainder when ((-88)/11 - -9)/(2/486) is divided by d?
38
Let j(q) = -q**3 + 28*q**2 + q + 3. Let a be ((-8)/(-6))/((-27)/(-567)). Calculate the remainder when j(a) is divided by 24.
7
Let d(u) = -2*u + 4*u - 7*u + 66. What is the remainder when 58 is divided by d(10)?
10
What is the remainder when 24/20 + 64/30*276 is divided by 25?
15
Let n(p) = -p**2 + 46*p + 8. Let r be n(44). Let b = r - -102. What is the remainder when b is divided by 29?
24
Suppose 0 = -q + 108 - 38. Suppose -134*m + 244*m + 288 = 134*m. Calculate the remainder when q is divided by m.
10
Suppose 0 = -4*u - 138 + 190. Suppose -4*k - w + 151 = -4*w, 5*k + 4*w = 181. Calculate the remainder when k is divided by u.
11
Let v(h) = 13*h - 3. Calculate the remainder when 3275/29 + (37/(-116)*-1 - (-156)/(-624)) is divided by v(3).
5
Let w(h) = -6*h**2 + 76*h + 45. Let x(v) = 2*v**2 - 38*v - 22. Let d(b) = -2*w(b) - 5*x(b). What is the remainder when 59 is divided by d(-19)?
19
Calculate the remainder when 6 + -3 + 2049 - 3 is divided by 15.
9
Calculate the remainder when 22382 is divided by 29/((-377)/195) + 302.
283
Let q(a) = 3 + 5*a**2 + a**3 - 1 + 10*a + 0. Let z be q(-7). Let d = -67 - z. Calculate the remainder when d is divided by 17.
14
Suppose 6*u = u + 430. Suppose 2*l - u = -0*w + 4*w, -3*w = 5*l - 241. Suppose -3*s + 99548 = 98987. Calculate the remainder when s is divided by l.
46
Let t(n) = -2*n**2 + 9*n - 2. Suppose a = 5*l - 255 - 145, 223 = 3*l - 4*a. Suppose -l + 9 = -6*j. What is the remainder when j is divided by t(2)?
4
Let k = 326 + -114. Suppose -86 = -4*u + 4*q + 150, 3*u - k = -4*q. What is the remainder when u is divided by (-9)/3 + (2 + 8)*2?
13
Let u(a) = -72*a - 489. Calculate the remainder when 1759 is divided by u(-7).
4
Suppose 3*f - 21 = 0, 33*f = -5*o + 31*f + 304. Calculate the remainder when 7596 is divided by o.
56
Suppose 3*q - 5*g - 5665 = -788, -5*g + 1639 = q. Let i = q - 646. Calculate the remainder when i is divided by 82.
81
Suppose -d + 120 = 5*h + 4*d, 96 = 4*h + 5*d. Calculate the remainder when (286/4)/((176/(-16))/(-44)) is divided by h.
22
Let h = -678 - -681. Suppose 5*v - h*f - 750 = 0, -3*f = -3*v - 186 + 636. What is the remainder when v is divided by 26?
20
Let q be 2/(-14)*-2 + (-2)/7. Suppose 10*v - 13*v - 4*i + 112 = q, -3*v - i = -118. What is the remainder when 73 is divided by v?
33
Suppose -3*y - 27 = -3*h, 5*h + 10 = y + 47. Let a be 8/84 - (-5235)/(-63). Let z = 95 + a. What is the remainder when z is divided by h?
5
Suppose -u = 2*m - 797, -u = -2*u + m + 800. Calculate the remainder when u is divided by -3*(15 - 11)*50/(-6).
99
Suppose 36*d - 10680 = 5*d - 29*d. What is the remainder when d is divided by 23?
17
Let m(w) = -26*w**3 - 10*w**2 - 9*w + 1. Calculate the remainder when m(-4) is divided by 103.
99
Let y(k) = 41*k + 3. Let w(d) = -d. Let o(b) = -3*w(b) - y(b). Let t be o(-1). What is the remainder when (10/(-7))/((-110)/t + 3) is divided by 7?
3
Suppose -4*j + 28 = 3*z, 0 = -5*j + z + 4*z. Suppose -2*q + 5*k - 25 = 0, 3*q + 4*k + k = 25. Let x = 21 + q. Calculate the remainder when x is divided by j.
1
Suppose 0 = 2*r - 4*r + 2*w + 1488, -10 = 5*w. Let c = -727 + r. What is the remainder when 39 is divided by c?
9
Let b(t) = -t**3 - 6*t**2 + 11*t - 16. Let k be (-2)/(-6) + 200/(-24). What is the remainder when 164 is divided by b(k)?
20
Let b be 4 - ((-4)/4 + -4 - -4). Suppose 0 = -3*h + b*p + 67, -3*h - 2*p - 3 + 56 = 0. What is the remainder when 47 is divided by h?
9
Let i be ((-9)/5)/3 + (-1207)/355. What is the remainder when 233 is divided by (1 + i)*(-118)/12*2?
56
Let h = -252 + 117. Let i = h + 146. Calculate the remainder when 24 is divided by i.
2
Let o = 103 + -37. Let j = o - 42. What is the remainder when 45 is divided by j?
21
Let g(w) = -238*w + 1022. What is the remainder when g(-5) is divided by 274?
20
Let c(x) = -x + 20. Let f be c(-5). Suppose -27*p + 26 = -f*p. Let j = p + 40. Calculate the remainder when j is divided by 14.
11
Let w(j) = -j**3 + 13*j**2 - 10*j - 28. Let y be w(12). Let i be (9/y)/(-9) - (-463)/4. Let c = 143 - i. What is the remainder when c is divided by 7?
6
Let t(v) = 3*v**3 - 7*v**2 + 23*v - 48. Let k(m) = m**3 - 6*m**2 + 5*m + 6. Let i be k(5). What is the remainder when t(3) is divided by (20/i)/((-2)/(-6))?
9
Suppose 2*y - 4960 = -g, y - 286*g = -288*g + 2468. What is the remainder when y is divided by 10?
4
Let l(x) = 309*x + 4366. Calculate the remainder when 44*9/2 - 2 is divided by l(-14).
36
Let s(t) = -285*t + 3840. Calculate the remainder when 4589 is divided by s(13).
134
Let p = -2622 - -2711. Calculate the remainder when 332 is divided by p.
65
Let k = -16322 + 16577. Calculate the remainder w